 divided by i(1).
3
Let i(v) = -129*v - 1603. Calculate the remainder when 682 is divided by i(-15).
18
Let u(j) = -j**3 - 7*j**2 + 32*j + 76. What is the remainder when 63 is divided by u(-10)?
7
Suppose -79*h = -83*h + 1024. Calculate the remainder when h is divided by (-4)/((-18)/40 - (-14)/56).
16
Let v(o) be the first derivative of 7*o**3 + 2*o**2 - 4*o + 94. What is the remainder when 98 is divided by v(1)?
14
Suppose -3 + 29 = y. What is the remainder when y is divided by (5/(-4))/((15/(-40))/3)?
6
Suppose -41967 = -119*g + 286592. Calculate the remainder when g is divided by 920.
1
Let d(i) = -i**2 + 63*i + 249. Let z(w) = w + 24. What is the remainder when d(66) is divided by z(-11)?
12
Let s(w) = 2*w**2 + 50*w - 102. Let f be s(-28). Let v be -1 + -1 - (-34 + 4). Let i = f - v. Calculate the remainder when i is divided by 15.
8
Let p be ((-96470)/30)/11*3. Let m = p + 934. Let o(x) = x**3 - 2*x**2 - 2*x + 3. What is the remainder when m is divided by o(3)?
3
What is the remainder when 0 - (-16)/(5040/363153) - 4/(-30) is divided by 193?
188
What is the remainder when (-2)/2 + -6 + 724 + 1169 is divided by 171?
5
Let j(t) = -27*t**3 - 33*t**2 - 106*t + 5. What is the remainder when j(-3) is divided by 14?
13
Suppose -k - d = -4*d + 9, -2*k - 5*d = 51. Suppose -9 = -2*b - 45. Calculate the remainder when 26 is divided by b/(-5)*(-45)/k.
8
Let g = 356 + -356. Suppose 2*o - m - 41 = g, -2*o = -0*o - 2*m - 46. Suppose -y = -0*y - 3. Calculate the remainder when o is divided by y.
0
Let d = 54 - 35. Calculate the remainder when ((-340)/(-4))/(40/16) is divided by d.
15
Let n = 3412 + -3116. What is the remainder when n is divided by 37?
0
Suppose 3*t + 125 = 182. Suppose 7*o - 6*o - 4*v = 74, 5*v = 0. Calculate the remainder when o is divided by t.
17
Suppose -v = v + 8, -5*i + 3*v - 8 = 0. Let r = i - -21. Let x = 108 - 65. Calculate the remainder when x is divided by r.
9
Let g(m) be the second derivative of m**5/10 + 19*m**4/12 + 7*m**3/2 + 17*m**2/2 - 62*m. Calculate the remainder when 120 is divided by g(-8).
38
Let c(h) = h**2 - 18*h - 73. Let z be c(21). Let a(x) = -7 + 6*x + 11*x**2 + 0*x**3 + x**3 - x. What is the remainder when 214 is divided by a(z)?
42
Suppose -3*c - 158 = -3*i - 53, i + 4*c = 20. Suppose -i = -b + 2*v + 1149, 4*b - 2*v = 4706. What is the remainder when b is divided by 107?
105
Let c(u) = -13*u - 9. Let o be c(-1). Suppose 5*r - 1918 = 4*g, o*r - 4*g - 926 - 610 = 0. Calculate the remainder when r is divided by 55.
52
Let j(z) be the second derivative of z**4/3 + 2*z**3/3 - 7*z**2 - z. Let v be (-344)/48 - -7 - 196/(-24). What is the remainder when j(v) is divided by 46?
44
Let a(y) = -y**2 - 185*y + 2011. What is the remainder when a(0) is divided by 53?
50
Let t = 122 - -34. Let b = -101 + t. Calculate the remainder when b is divided by 12/(-5)*40/(-12).
7
Let x(l) = 13*l**2 - 13*l + 31. Calculate the remainder when 179 is divided by x(2).
8
Suppose -441*z + 447*z - 2334 = -282. Calculate the remainder when z is divided by 117.
108
What is the remainder when 4998 is divided by (6/3 - ((-5 - -11) + -9))*4?
18
Suppose 3*g + 4*w - 7*w = 78, 3*w = -2*g + 67. Suppose -5*i + 2*u = -12 - 18, -3*i - u = -g. Calculate the remainder when 79 is divided by i.
7
Suppose 0 = -3*h - 0*h - 4*d - 73, 58 = -2*h - 5*d. Let m = h + 19. What is the remainder when (18 - m)*2*(-1)/(-4) is divided by 3?
0
Let h be (70/15)/(-7)*(0 + 27). Let c be h/(-12)*(-28)/(-6). Suppose f + c = 19. What is the remainder when f is divided by 8?
4
Let v(n) = -17*n + 29. Let d(a) = -17*a + 29. Let m(j) = 5*d(j) - 4*v(j). Suppose 4*l - 16 = -0*l. Calculate the remainder when m(0) is divided by l.
1
Let o be (-2 + 2)*((-14)/(-4) + (-6)/2). Let c = 9 - 6. Suppose c*k + 3*k - 30 = o. Calculate the remainder when k is divided by 3.
2
Let a(t) = -t**2 + 5*t - 1. Let q be a(4). Suppose 75 = q*u - 0*u. Let c = 0 + 14. Calculate the remainder when u is divided by c.
11
Let j = -15552 - -16022. What is the remainder when j is divided by 80?
70
Let x = -682 + 688. Calculate the remainder when 303 is divided by x.
3
Let j = 132 - 127. Suppose j*b - 83 = -3*y, 18 + 27 = 3*b + 3*y. What is the remainder when 46 is divided by b?
8
Suppose -23*k - 1635 = -31949. What is the remainder when k is divided by 196?
142
Suppose -110 = -195*l + 186*l + 88. Calculate the remainder when 118 is divided by l.
8
Suppose 0*r + 214 - 4828 = -6*r. What is the remainder when r is divided by 86?
81
Let g be (-6)/(-8)*(3 + 0 - 27). Let o = g - -24. Let c(k) = -k**2 - 12*k - 17. Calculate the remainder when o is divided by c(-10).
0
Let i(f) = 213*f**3 + 15*f**2 - 37*f + 17. Calculate the remainder when i(2) is divided by 341.
2
Let i = -2 + 5. Suppose -4*x + 3*u + 23 = -3*x, -2*x = -i*u - 34. Let o = 62 - 32. Calculate the remainder when o is divided by x.
8
Suppose 0 = -3*k - 75 + 9. Suppose 3*f + 69 = 2*m + 283, 0 = 3*f + 4*m - 184. Let u = f + k. Calculate the remainder when u is divided by 13.
7
Calculate the remainder when 258 is divided by (10/(-7))/((-1)/7)*2.
18
Suppose 3*m - 235 = -2*i, -m + 0*m + 4*i = -97. Let z = -36 + m. Suppose 0 = -3*w + 192 + 207. Calculate the remainder when w is divided by z.
43
Suppose -56 = 6*o - o - 4*z, -28 = 3*o - z. Let b(p) = -3*p**2 - 5*p - 10. Let g be b(o). Let a = 310 + g. What is the remainder when a is divided by 25?
23
Suppose 4*k - 5*k - 11448 = -10*k. Calculate the remainder when 3824 is divided by k.
8
Let a = -36 - -118. Let k = -21 - -29. What is the remainder when a is divided by 3/1 - (-1)/(k/88)?
12
Suppose 22*l - 2987 = 1088 + 369. What is the remainder when l is divided by 56?
34
Let v be 4/(-14)*(12 + -10 - 51). Suppose -27*z = -v*z - 455. Suppose -12 = -s - 2*j, -4*s - j - 27 = -68. Calculate the remainder when z is divided by s.
5
Let t(a) = -a**2 - 2*a + 35. Let q(k) = -k**2 - 9*k - 6. Let z be q(-9). Let n = 212 - 149. Calculate the remainder when n is divided by t(z).
8
Suppose -3*r + 2*y + 664 = 0, -3*y - 971 = -4*r - 84. What is the remainder when r is divided by -10 - ((-28)/98 + 752/(-14))?
42
Suppose 12782 = 6*q + 56. Calculate the remainder when q is divided by 18.
15
Let g be -4*((-68)/8 - 3). Let j = 45 - g. What is the remainder when 64 is divided by j/((6/22)/(-3))?
9
Let g be 513/(-99) + 4/22. Let i = g - -16. Calculate the remainder when (-875)/(-50)*(-28)/(-5) is divided by i.
10
Let l be (-33)/((-159)/273 - (-8)/52). Calculate the remainder when l/(-44)*(-108)/1 is divided by 28.
21
Let m(q) = -q**3 + 14*q**2 - 13*q + 8. Let c = 54 + -41. Calculate the remainder when (-4)/6*180/(-8) is divided by m(c).
7
What is the remainder when 148 is divided by 8/(-1*14/(-112))?
20
Suppose 4*p + 3*h - 1040 = 0, -299 + 50 = -p + 2*h. Calculate the remainder when 2050 is divided by p.
251
What is the remainder when 2432 is divided by (-45898)/(-1643) - (-4)/62?
24
Let y = -4306 + 4672. What is the remainder when y is divided by 11?
3
Let s = -2 - -7. Let h be (-5 - 5/s)/(1*-2). Suppose 5*b + h*r - r = 73, -40 = -3*b - 5*r. What is the remainder when b is divided by 6?
3
Let z(d) = -d + 5. Let s be z(4). Let p(c) = -39*c**2 - 5*c + 4. Let l be p(s). Let f = 47 - l. What is the remainder when f is divided by 22?
21
Let x(d) = -16*d - 2. Let m be x(-1). Let l be m/10 + (-58)/145. Calculate the remainder when 30 is divided by l/(-5*(-1)/55).
8
Let i(n) = 503*n + 1045. Calculate the remainder when 1715 is divided by i(-2).
38
Let o(b) = 68*b**2 - 109*b + 286. Calculate the remainder when o(3) is divided by 37.
16
Let m(j) = 639*j + 3864. Calculate the remainder when 6689 is divided by m(-6).
29
Let m(v) = -165*v + 3968. What is the remainder when 117 is divided by m(24)?
5
Let n = 37 - 19. Let f = -10523 + 10526. What is the remainder when n is divided by f?
0
Suppose 6*l - 4*l - 90 = -5*m, -m = l - 15. Calculate the remainder when 197 - (-2 + (1 - 0)) is divided by m.
18
Let g(h) = -4*h**2 - 5*h + 196. Calculate the remainder when 979 is divided by g(0).
195
Let g = 28151 - 28143. Calculate the remainder when 310 is divided by g.
6
Suppose -15048 = -122*l - 23*l - 136*l + 53*l. Calculate the remainder when l is divided by (2/(-2))/((-2)/74).
29
Let k(b) = 3*b**2 - 8*b + 4. Calculate the remainder when (2058/(-28) + 5)*